er when n is divided by 13?
12
Calculate the remainder when (-1)/(-4)*(-1 - -2) - (-72917)/284 is divided by 51.
2
Suppose -2*s - 8*j + 10*j + 422 = 0, -4*s - j = -809. Calculate the remainder when s is divided by 8.
4
Let h = 554 + -363. Suppose h*d + 5 = 192*d. What is the remainder when 13 is divided by d?
3
Suppose -i - 3*p = -14, -i - 14 = -6*i - p. What is the remainder when (11*(1 + 2 - -7))/i is divided by 30?
25
Calculate the remainder when 1*(12/4 - -70) is divided by 39 + (9 - (13 - 4)).
34
Let y(s) = -81*s - 916. What is the remainder when 1341 is divided by y(-12)?
53
Calculate the remainder when 781 is divided by (3 + (-153)/2)*(-236)/177.
95
Let r be (-22)/10 + 2 + 3696/(-120). Let v = 177 + r. What is the remainder when v is divided by 30?
26
Suppose 5*h + 25 = 0, 829 = 3*j + 3*h - 4721. Calculate the remainder when j is divided by 30.
25
Suppose 33*q + 4122 + 2544 = 0. Let f = -179 - q. Let z = -10 + 18. Calculate the remainder when f is divided by z.
7
Let a(x) = 5*x**2 + 40*x - 139. Let o be a(4). Let m = 127 - o. What is the remainder when ((-1)/2)/((-1)/98) is divided by m?
23
Let g = -6336 + 6549. Calculate the remainder when 8514 is divided by g.
207
Let s be 4 - 3 - -2 - 1. Suppose -4*j + s = 170. Let y = j + 44. Calculate the remainder when y is divided by 1.
0
Let x(b) = -b**2 + 4*b + 1. Let t be x(7). Let g = 100 - 112. Let p = g - t. Calculate the remainder when 21 is divided by p.
5
Suppose -405 + 2381 = 26*j. What is the remainder when 104 is divided by j?
28
Let u be 10/50 + (-2 - 1539/(-5)). Let f = -252 + u. Let n = -5 + 24. Calculate the remainder when f is divided by n.
16
What is the remainder when 609 is divided by 9 + ((-103)/6)/((-3)/36)?
179
Suppose -3*k + 46*g + 474 = 48*g, -g = 4*k - 637. Calculate the remainder when 1598 is divided by k.
158
Suppose 8*d = 4*d + 2*w + 2402, 0 = -4*d + 5*w + 2381. Calculate the remainder when d is divided by 174.
82
Suppose -5*u = -0*u + 20, 3*a = u + 166. Suppose -j = -a + 50. Calculate the remainder when 29 is divided by j.
1
Suppose 5*p - 1255 = -u, -436 - 317 = -3*p - 5*u. What is the remainder when p is divided by 3?
2
Let o(d) = 56*d**2 - 57*d + 58. What is the remainder when 2048 is divided by o(1)?
53
Let c = -940 + 984. Calculate the remainder when 502 is divided by c.
18
Let y(b) be the third derivative of b**5/60 + 23*b**4/12 - 41*b**3/3 + b**2 + 12*b. Calculate the remainder when y(-49) is divided by 22.
21
Let x = 601 - 597. Suppose 5*z - 112 = x*w, -4*z + 74 = -w + 3*w. What is the remainder when 34 is divided by z?
14
Let b = 8440 - 8426. Calculate the remainder when 28713 is divided by b.
13
What is the remainder when 2344 is divided by 42/(-108)*(0 + 3)*-6?
6
Let n(p) = 22*p**2 - 2*p + 10. Let w be n(3). Let l = w - 195. Calculate the remainder when 82 is divided by l.
5
Suppose -3*u + 16*u = -25*u + 3952. What is the remainder when 321 is divided by u?
9
Suppose 17*r - 12*r = 2*i - 1105, -2*i = -2*r - 436. Let j = r - -256. What is the remainder when j is divided by 18?
15
Suppose 3*y - 94 = -7. Calculate the remainder when y is divided by (-3)/9*(-2445)/55 + 8/44.
14
Suppose 158*r = 157*r - 2. Calculate the remainder when ((-756)/(-9))/((-1)/r) is divided by 13.
12
Let w(z) = 209*z + 1481. Let p be (-5)/(-2 + 3 + 0). Let g(c) = 3*c**2 + 4*c - 2. What is the remainder when g(p) is divided by w(-7)?
17
Let b(p) = -3*p**3 - 77*p - 977. What is the remainder when b(-16) is divided by 196?
195
Suppose -3*n + 16 = -n. Suppose 9577*m = 9567*m + 390. What is the remainder when m is divided by n?
7
Let h be (-1)/(18675/(-4668) + (7 - 3)). Suppose 0 = 18*s - h + 422. Calculate the remainder when s is divided by 6.
3
Suppose -4*p - 63*l + 4365 = -62*l, -3*l = -4*p + 4361. What is the remainder when p is divided by 44?
35
Let u(w) = w**2 - 12*w - 1. Let y be u(12). Let h = 3 + y. Suppose -3*i + 5*k - 11 = 0, 0 = i + h*k - 6*k + 13. Calculate the remainder when i is divided by 2.
1
Suppose -10913 = -4*f + 3*k, -5446 = -56*f + 54*f - 2*k. Calculate the remainder when f is divided by 88.
86
Suppose 4*c = -3*p + 131, 4*c - 3*c = 4*p - 143. Calculate the remainder when ((-3)/(-9))/(1/177) is divided by p.
22
Let d = -15302 - -15419. Calculate the remainder when 748 is divided by d.
46
Let j(t) = 3*t**3 + 24*t**2 + 6. Let v(q) = -q**3 + 26*q**2 - 26*q + 17. Let b be v(25). Calculate the remainder when 18 is divided by j(b).
0
Suppose -2*t + 432 = 2*t + q, -108 = -t + 2*q. Let c = t - 78. Suppose -4*d = -5*b - 3*d + 79, 0 = 2*d - 2. Calculate the remainder when c is divided by b.
14
Suppose -5*i + 330 = -5*f, -816*f = -5*i - 812*f + 332. Calculate the remainder when 83 is divided by i.
15
Suppose 21*l + 5862 - 66993 = 0. Suppose -61*t + l = -20*t. What is the remainder when 637 is divided by t?
69
Let u(z) = 9*z - 51. Let x be u(6). Suppose -x*s - b + 160 = -2*b, -2*b = 2*s - 96. Calculate the remainder when s is divided by 14.
10
Let y = 2285 + -2268. Calculate the remainder when 184 is divided by y.
14
Let s(h) = -79*h - 8585. What is the remainder when 410 is divided by s(-109)?
20
Suppose 1283 = 5*d + 1193. Suppose 2*n + t + 58 = 0, 0 = -5*n - 4*t - 113 - 26. Let u = 65 + n. Calculate the remainder when u is divided by d.
16
Suppose -2*l + 1341 - 1233 = 0. Calculate the remainder when l is divided by 33.
21
Let z = 9 + 48. Let r(w) = -3*w**2 + 16*w + 4. Let h be r(5). What is the remainder when z is divided by (24/h)/(4/30)?
17
Let f = 11155 - 11140. What is the remainder when 124 is divided by f?
4
Let a = -4730 - -4759. What is the remainder when 871 is divided by a?
1
Let l = 6310 + -6212. Let z = -57 - -38. Let i = z + 52. What is the remainder when l is divided by i?
32
Let y = 149 - 104. Let z = -5523 + 5548. Calculate the remainder when y is divided by z.
20
Let f(o) = -2*o**3 + 4*o**2 + 39*o + 8. What is the remainder when f(-6) is divided by 47?
21
Suppose -6*o = -7*o - 3*j + 124, 5*j - 482 = -4*o. Calculate the remainder when 1 - (-1 - (23 - 1)) is divided by 40/(-520) - o/(-13).
6
Let f(d) = 806*d + 153986. What is the remainder when f(-191) is divided by 4 - (-1 + 1)*1?
0
Let s be -15*(-12)/(-36) + 22*34. Let h = s - 735. What is the remainder when 14 is divided by h?
6
Let f(d) = d**3 + 2*d + 18. Let r be f(0). Suppose -y - 2 = 5*b - 3, 2*y + 2*b - r = 0. Suppose 36 = s - y. What is the remainder when s is divided by 12?
11
Suppose 4*d - 609 + 630 = i, -2*d + 119 = 3*i. What is the remainder when 2847 is divided by i?
35
Let z = 260 - 160. Calculate the remainder when 356 is divided by z/6*72/30.
36
Let c(f) = f**3 - 7*f**2 - 5*f + 1. What is the remainder when (3504/(-72))/((-4)/6) is divided by c(8)?
23
Let j = -16700 - -18541. Calculate the remainder when j is divided by 265.
251
Suppose 3*n = 5*n - 402. Suppose o - 2*q = 4*o - 123, 0 = -5*o - 2*q + n. Let w(r) = r**3 + 4*r**2 - 5*r + 1. What is the remainder when o is divided by w(-4)?
18
Suppose 3*f = o + 3 - 33, -2*f = 6. Suppose -19*x = 17*x - 11059 + 2851. What is the remainder when x is divided by o?
18
Let q be 0*((-130)/120 - 6/(-8)). What is the remainder when 313 is divided by (-53 - -52)/(q - (-2)/(-42))?
19
Let z be (-36)/18 - (-235)/1. Let s = z - 182. What is the remainder when 88 is divided by s?
37
Let q(d) = -125*d**3 - d**2 + 8*d. Calculate the remainder when q(-4) is divided by 37.
34
Let w = -2473 - -2605. What is the remainder when 461 is divided by w?
65
Suppose 0 = 854*q - 873*q + 2907. Calculate the remainder when 594 is divided by q.
135
Suppose -3*i = -j - 305, -12*i - 3*j + 398 = -8*i. Calculate the remainder when 104 is divided by i.
3
Let a(x) be the third derivative of x**4/12 - x**3 - 8*x**2. What is the remainder when a(5) is divided by 6*((-2)/8)/(7/(-14))?
1
Let p be (0 + 3)/(1/3). Let s = 32 - 27. Suppose p*b - s*b = 128. Calculate the remainder when b is divided by 18.
14
Suppose 4*f + f = 380. Suppose -5*s + 41*z + 66 = 38*z, 4*z = -s + 27. Calculate the remainder when f is divided by 17 - 7/((-35)/s).
16
Suppose 0*k - w + 52 = -k, 2*w + 96 = -2*k. Let r = k + 76. Let p = r - 6. What is the remainder when p is divided by 11?
9
Calculate the remainder when -1*87/6*-2 is divided by (2 + -1)*(6 + 5/1).
7
Let j(n) = n**2 - 28*n + 296. Suppose -428 = -2*r + r. Cal